{"id":10,"date":"2013-12-20T19:11:58","date_gmt":"2013-12-20T17:11:58","guid":{"rendered":"http:\/\/www.magnetberg.de\/passion\/?page_id=10"},"modified":"2024-12-28T23:25:20","modified_gmt":"2024-12-28T21:25:20","slug":"felix-droese","status":"publish","type":"page","link":"https:\/\/www.magnetberg.de\/passion\/felix-droese\/","title":{"rendered":"Felix Droese"},"content":{"rendered":"\n<div class=\"wp-block-cover alignfull is-light\" style=\"min-height:70vh;aspect-ratio:unset;\"><span aria-hidden=\"true\" class=\"wp-block-cover__background has-background-dim-0 has-background-dim\" style=\"background-color:#a6817c\"><\/span><img data-recalc-dims=\"1\" loading=\"lazy\" decoding=\"async\" width=\"800\" height=\"600\" data-attachment-id=\"2112\" data-permalink=\"https:\/\/www.magnetberg.de\/passion\/felix-droese\/olympus-digital-camera-7\/\" data-orig-file=\"https:\/\/i0.wp.com\/www.magnetberg.de\/passion\/wp-content\/uploads\/2024\/12\/2219094.jpg?fit=2000%2C1500&amp;ssl=1\" data-orig-size=\"2000,1500\" data-comments-opened=\"0\" data-image-meta=\"{&quot;aperture&quot;:&quot;5.6&quot;,&quot;credit&quot;:&quot;&quot;,&quot;camera&quot;:&quot;E-410&quot;,&quot;caption&quot;:&quot;OLYMPUS DIGITAL CAMERA&quot;,&quot;created_timestamp&quot;:&quot;1361450545&quot;,&quot;copyright&quot;:&quot;&quot;,&quot;focal_length&quot;:&quot;42&quot;,&quot;iso&quot;:&quot;100&quot;,&quot;shutter_speed&quot;:&quot;3.2&quot;,&quot;title&quot;:&quot;OLYMPUS DIGITAL CAMERA&quot;,&quot;orientation&quot;:&quot;1&quot;}\" data-image-title=\"Felix Droese, 2013\" data-image-description=\"\" data-image-caption=\"\" data-large-file=\"https:\/\/i0.wp.com\/www.magnetberg.de\/passion\/wp-content\/uploads\/2024\/12\/2219094.jpg?fit=800%2C600&amp;ssl=1\" sizes=\"auto, (max-width: 799px) 200vw, (max-width: 2000px) 100vw, 2000px\" class=\"wp-block-cover__image-background wp-image-2112\" alt=\"\" src=\"https:\/\/i0.wp.com\/www.magnetberg.de\/passion\/wp-content\/uploads\/2024\/12\/2219094.jpg?resize=800%2C600&#038;ssl=1\" data-object-fit=\"cover\" srcset=\"https:\/\/i0.wp.com\/www.magnetberg.de\/passion\/wp-content\/uploads\/2024\/12\/2219094.jpg?w=2000&amp;ssl=1 2000w, https:\/\/i0.wp.com\/www.magnetberg.de\/passion\/wp-content\/uploads\/2024\/12\/2219094.jpg?resize=300%2C225&amp;ssl=1 300w, https:\/\/i0.wp.com\/www.magnetberg.de\/passion\/wp-content\/uploads\/2024\/12\/2219094.jpg?resize=1024%2C768&amp;ssl=1 1024w, https:\/\/i0.wp.com\/www.magnetberg.de\/passion\/wp-content\/uploads\/2024\/12\/2219094.jpg?resize=768%2C576&amp;ssl=1 768w, https:\/\/i0.wp.com\/www.magnetberg.de\/passion\/wp-content\/uploads\/2024\/12\/2219094.jpg?resize=1536%2C1152&amp;ssl=1 1536w, https:\/\/i0.wp.com\/www.magnetberg.de\/passion\/wp-content\/uploads\/2024\/12\/2219094.jpg?resize=1200%2C900&amp;ssl=1 1200w, https:\/\/i0.wp.com\/www.magnetberg.de\/passion\/wp-content\/uploads\/2024\/12\/2219094.jpg?resize=1980%2C1485&amp;ssl=1 1980w, https:\/\/i0.wp.com\/www.magnetberg.de\/passion\/wp-content\/uploads\/2024\/12\/2219094.jpg?w=1600&amp;ssl=1 1600w\" \/><div class=\"wp-block-cover__inner-container is-layout-flow wp-block-cover-is-layout-flow\">\n<h1 class=\"wp-block-heading alignwide has-text-align-center\"><\/h1>\n\n\n\n<p class=\"has-text-align-center has-large-font-size\"><\/p>\n<\/div><\/div>\n\n\n\n<div class=\"wp-block-group alignfull\"><div class=\"wp-block-group__inner-container is-layout-flow wp-block-group-is-layout-flow\">\n<div class=\"wp-block-columns alignwide tw-cols-stack-md tw-gutter-large is-layout-flex wp-container-core-columns-is-layout-d0b3c9c8 wp-block-columns-is-layout-flex\">\n<div class=\"wp-block-column is-layout-flow wp-block-column-is-layout-flow\">\n<h2 class=\"wp-block-heading\">Felix Droese<\/h2>\n<\/div>\n\n\n\n<div class=\"wp-block-column is-layout-flow wp-block-column-is-layout-flow\">\n<p>Altarverh\u00fcllung in der Paul-Gerhardt-Kirche, Berlin<br>15. Februar &#8211; 31. M\u00e4rz 2013<\/p>\n<\/div>\n<\/div>\n<\/div><\/div>\n\n\n\n<div class=\"wp-block-group alignfull\"><div class=\"wp-block-group__inner-container is-layout-flow wp-block-group-is-layout-flow\">\n<p class=\"tw-text-wide\" style=\"line-height:1.5\"><strong>KEIN ZUTRITT<\/strong><\/p>\n\n\n\n<p class=\"tw-text-wide\" style=\"line-height:1.5\">\u00bb&#8230; es zeigt sich, dass alles auch ohne Gott geht, und zwar ebenso gut wie vorher. Ebenso wie auf wissenschaftlichem Gebiet wird im allgemeinen menschlichen Bereich Gott immer weiter aus dem Leben zur\u00fcckgedr\u00e4ngt, er verliert an Boden.\u00ab Dietrich Bonhoeffer schreibt 1944 in seinen Briefen aus dem Gef\u00e4ngnis von einer m\u00fcndig gewordenen Welt. Er beschreibt eine Gesellschaft, in der Gott im Alltag seinen Platz verloren hat. Nur noch an den Grenzen der Erkenntnis, f\u00fcr Antworten auf die sogenannten letzten Fragen oder in pers\u00f6nlichen Extremsituationen wie schwerer Krankheit oder Tod besinnt man sich kurzzeitig auf einen Gott.<\/p>\n\n\n\n<p class=\"tw-text-wide\" style=\"line-height:1.5\">\u00bbKEIN ZUTRITT\u00ab ist der Titel des Fastentuches, das Felix Droese f\u00fcr die Paul-Gerhardt-Kirche im Rahmen der j\u00e4hrlichen Altarverh\u00fcllung zur Passionszeit angefertigt hat. Diese Arbeit wird in den 7 Wochen vor Ostern vor dem historischen Altarbild von Gerhard Noack mit dem auferstandenen Christus h\u00e4ngen und dieses vollst\u00e4ndig abdecken. Felix Droese, geboren 1950, Sohn eines altkatholischen Pfarrers, Sch\u00fcler von Joseph Beuys und mit seinen Arbeiten u.a. auf der Documenta 7 in Kassel und der 43. Biennale in Venedig vertreten, ist mit dieser Arbeit nach Sabine Herrmann und Michael Morgner der dritte K\u00fcnstler, der an der Altarverh\u00fcllung in der Paul-Gerhardt-Kirche teilnimmt.   <\/p>\n\n\n\n<div class=\"wp-block-group alignfull\"><div class=\"wp-block-group__inner-container is-layout-flow wp-block-group-is-layout-flow\">\n<figure class=\"wp-block-image alignwide size-large tw-mb-3\"><a href=\"https:\/\/www.magnetberg.de\/passion\/2013-droese\/\"><img data-recalc-dims=\"1\" loading=\"lazy\" decoding=\"async\" width=\"800\" height=\"533\" data-attachment-id=\"2023\" data-permalink=\"https:\/\/www.magnetberg.de\/passion\/2013-droese\/\" data-orig-file=\"https:\/\/i0.wp.com\/www.magnetberg.de\/passion\/wp-content\/uploads\/2024\/12\/2013-Droese.jpg?fit=2000%2C1333&amp;ssl=1\" data-orig-size=\"2000,1333\" data-comments-opened=\"0\" data-image-meta=\"{&quot;aperture&quot;:&quot;0&quot;,&quot;credit&quot;:&quot;&quot;,&quot;camera&quot;:&quot;&quot;,&quot;caption&quot;:&quot;&quot;,&quot;created_timestamp&quot;:&quot;0&quot;,&quot;copyright&quot;:&quot;&quot;,&quot;focal_length&quot;:&quot;0&quot;,&quot;iso&quot;:&quot;0&quot;,&quot;shutter_speed&quot;:&quot;0&quot;,&quot;title&quot;:&quot;&quot;,&quot;orientation&quot;:&quot;0&quot;}\" data-image-title=\"2013-Droese\" data-image-description=\"\" data-image-caption=\"\" data-large-file=\"https:\/\/i0.wp.com\/www.magnetberg.de\/passion\/wp-content\/uploads\/2024\/12\/2013-Droese.jpg?fit=800%2C533&amp;ssl=1\" src=\"https:\/\/i0.wp.com\/www.magnetberg.de\/passion\/wp-content\/uploads\/2024\/12\/2013-Droese.jpg?resize=800%2C533&#038;ssl=1\" alt=\"\" class=\"wp-image-2023\" srcset=\"https:\/\/i0.wp.com\/www.magnetberg.de\/passion\/wp-content\/uploads\/2024\/12\/2013-Droese.jpg?resize=1024%2C682&amp;ssl=1 1024w, https:\/\/i0.wp.com\/www.magnetberg.de\/passion\/wp-content\/uploads\/2024\/12\/2013-Droese.jpg?resize=300%2C200&amp;ssl=1 300w, https:\/\/i0.wp.com\/www.magnetberg.de\/passion\/wp-content\/uploads\/2024\/12\/2013-Droese.jpg?resize=768%2C512&amp;ssl=1 768w, https:\/\/i0.wp.com\/www.magnetberg.de\/passion\/wp-content\/uploads\/2024\/12\/2013-Droese.jpg?resize=1536%2C1024&amp;ssl=1 1536w, https:\/\/i0.wp.com\/www.magnetberg.de\/passion\/wp-content\/uploads\/2024\/12\/2013-Droese.jpg?w=2000&amp;ssl=1 2000w, https:\/\/i0.wp.com\/www.magnetberg.de\/passion\/wp-content\/uploads\/2024\/12\/2013-Droese.jpg?w=1600&amp;ssl=1 1600w\" sizes=\"auto, (max-width: 800px) 100vw, 800px\" \/><\/a><\/figure>\n\n\n\n<figure class=\"wp-block-gallery alignwide has-nested-images columns-2 is-cropped tw-mb-3 tw-mt-3 wp-block-gallery-1 is-layout-flex wp-block-gallery-is-layout-flex\">\n<figure class=\"wp-block-image size-large\"><img data-recalc-dims=\"1\" loading=\"lazy\" decoding=\"async\" width=\"575\" height=\"1024\" data-attachment-id=\"103\" data-permalink=\"https:\/\/www.magnetberg.de\/passion\/felix-droese\/_c168920\/\" data-orig-file=\"https:\/\/i0.wp.com\/www.magnetberg.de\/passion\/wp-content\/uploads\/2013\/12\/C168920.jpg?fit=674%2C1200&amp;ssl=1\" data-orig-size=\"674,1200\" data-comments-opened=\"0\" data-image-meta=\"{&quot;aperture&quot;:&quot;0&quot;,&quot;credit&quot;:&quot;&quot;,&quot;camera&quot;:&quot;&quot;,&quot;caption&quot;:&quot;&quot;,&quot;created_timestamp&quot;:&quot;0&quot;,&quot;copyright&quot;:&quot;&quot;,&quot;focal_length&quot;:&quot;0&quot;,&quot;iso&quot;:&quot;0&quot;,&quot;shutter_speed&quot;:&quot;0&quot;,&quot;title&quot;:&quot;&quot;}\" data-image-title=\"Passion 2013\" data-image-description=\"\" data-image-caption=\"&lt;p&gt;Felix Droese, Kein Zutritt, 2013, Kaltnadelradierung&lt;\/p&gt;\n\" data-large-file=\"https:\/\/i0.wp.com\/www.magnetberg.de\/passion\/wp-content\/uploads\/2013\/12\/C168920.jpg?fit=575%2C1024&amp;ssl=1\" data-id=\"103\" src=\"https:\/\/i0.wp.com\/www.magnetberg.de\/passion\/wp-content\/uploads\/2013\/12\/C168920.jpg?resize=575%2C1024&#038;ssl=1\" alt=\"\" class=\"wp-image-103\" srcset=\"https:\/\/i0.wp.com\/www.magnetberg.de\/passion\/wp-content\/uploads\/2013\/12\/C168920.jpg?resize=575%2C1024&amp;ssl=1 575w, https:\/\/i0.wp.com\/www.magnetberg.de\/passion\/wp-content\/uploads\/2013\/12\/C168920.jpg?resize=168%2C300&amp;ssl=1 168w, https:\/\/i0.wp.com\/www.magnetberg.de\/passion\/wp-content\/uploads\/2013\/12\/C168920.jpg?w=674&amp;ssl=1 674w\" sizes=\"auto, (max-width: 575px) 100vw, 575px\" \/><\/figure>\n\n\n\n<figure class=\"wp-block-image size-large\"><img data-recalc-dims=\"1\" loading=\"lazy\" decoding=\"async\" width=\"705\" height=\"1024\" data-attachment-id=\"1500\" data-permalink=\"https:\/\/www.magnetberg.de\/passion\/felix-droese\/plakat-a1_korrektur2\/\" data-orig-file=\"https:\/\/i0.wp.com\/www.magnetberg.de\/passion\/wp-content\/uploads\/2020\/12\/Plakat-A1_korrektur2.jpg?fit=1376%2C2000&amp;ssl=1\" data-orig-size=\"1376,2000\" data-comments-opened=\"0\" data-image-meta=\"{&quot;aperture&quot;:&quot;0&quot;,&quot;credit&quot;:&quot;&quot;,&quot;camera&quot;:&quot;&quot;,&quot;caption&quot;:&quot;&quot;,&quot;created_timestamp&quot;:&quot;0&quot;,&quot;copyright&quot;:&quot;&quot;,&quot;focal_length&quot;:&quot;0&quot;,&quot;iso&quot;:&quot;0&quot;,&quot;shutter_speed&quot;:&quot;0&quot;,&quot;title&quot;:&quot;&quot;,&quot;orientation&quot;:&quot;0&quot;}\" data-image-title=\"Plakat 2013\" data-image-description=\"\" data-image-caption=\"&lt;p&gt;Plakat, 2013&lt;\/p&gt;\n\" data-large-file=\"https:\/\/i0.wp.com\/www.magnetberg.de\/passion\/wp-content\/uploads\/2020\/12\/Plakat-A1_korrektur2.jpg?fit=705%2C1024&amp;ssl=1\" data-id=\"1500\" src=\"https:\/\/i0.wp.com\/www.magnetberg.de\/passion\/wp-content\/uploads\/2020\/12\/Plakat-A1_korrektur2.jpg?resize=705%2C1024&#038;ssl=1\" alt=\"\" class=\"wp-image-1500\" srcset=\"https:\/\/i0.wp.com\/www.magnetberg.de\/passion\/wp-content\/uploads\/2020\/12\/Plakat-A1_korrektur2.jpg?resize=705%2C1024&amp;ssl=1 705w, https:\/\/i0.wp.com\/www.magnetberg.de\/passion\/wp-content\/uploads\/2020\/12\/Plakat-A1_korrektur2.jpg?resize=206%2C300&amp;ssl=1 206w, https:\/\/i0.wp.com\/www.magnetberg.de\/passion\/wp-content\/uploads\/2020\/12\/Plakat-A1_korrektur2.jpg?resize=768%2C1116&amp;ssl=1 768w, https:\/\/i0.wp.com\/www.magnetberg.de\/passion\/wp-content\/uploads\/2020\/12\/Plakat-A1_korrektur2.jpg?resize=1057%2C1536&amp;ssl=1 1057w, https:\/\/i0.wp.com\/www.magnetberg.de\/passion\/wp-content\/uploads\/2020\/12\/Plakat-A1_korrektur2.jpg?w=1376&amp;ssl=1 1376w\" sizes=\"auto, (max-width: 705px) 100vw, 705px\" \/><\/figure>\n<\/figure>\n\n\n\n<figure class=\"wp-block-image alignwide size-large tw-mt-3\"><a href=\"https:\/\/www.magnetberg.de\/passion\/felix-droese\/p1160532-3\/\"><img data-recalc-dims=\"1\" loading=\"lazy\" decoding=\"async\" width=\"800\" height=\"500\" data-attachment-id=\"143\" data-permalink=\"https:\/\/www.magnetberg.de\/passion\/felix-droese\/p1160532-3\/\" data-orig-file=\"https:\/\/i0.wp.com\/www.magnetberg.de\/passion\/wp-content\/uploads\/2013\/12\/P11605322.jpg?fit=1200%2C751&amp;ssl=1\" data-orig-size=\"1200,751\" data-comments-opened=\"0\" data-image-meta=\"{&quot;aperture&quot;:&quot;0&quot;,&quot;credit&quot;:&quot;&quot;,&quot;camera&quot;:&quot;&quot;,&quot;caption&quot;:&quot;&quot;,&quot;created_timestamp&quot;:&quot;0&quot;,&quot;copyright&quot;:&quot;&quot;,&quot;focal_length&quot;:&quot;0&quot;,&quot;iso&quot;:&quot;0&quot;,&quot;shutter_speed&quot;:&quot;0&quot;,&quot;title&quot;:&quot;&quot;}\" data-image-title=\"Passion 2013\" data-image-description=\"\" data-image-caption=\"&lt;p&gt;Gottesdienst mit Konfirmanden&lt;\/p&gt;\n\" data-large-file=\"https:\/\/i0.wp.com\/www.magnetberg.de\/passion\/wp-content\/uploads\/2013\/12\/P11605322.jpg?fit=800%2C500&amp;ssl=1\" src=\"https:\/\/i0.wp.com\/www.magnetberg.de\/passion\/wp-content\/uploads\/2013\/12\/P11605322.jpg?resize=800%2C500&#038;ssl=1\" alt=\"\" class=\"wp-image-143\" srcset=\"https:\/\/i0.wp.com\/www.magnetberg.de\/passion\/wp-content\/uploads\/2013\/12\/P11605322.jpg?resize=1024%2C640&amp;ssl=1 1024w, https:\/\/i0.wp.com\/www.magnetberg.de\/passion\/wp-content\/uploads\/2013\/12\/P11605322.jpg?resize=300%2C187&amp;ssl=1 300w, https:\/\/i0.wp.com\/www.magnetberg.de\/passion\/wp-content\/uploads\/2013\/12\/P11605322.jpg?w=1200&amp;ssl=1 1200w\" sizes=\"auto, (max-width: 800px) 100vw, 800px\" \/><\/a><figcaption class=\"wp-element-caption\">Gottesdienst mit Konfirmanden<\/figcaption><\/figure>\n<\/div><\/div>\n\n\n\n<p class=\"tw-text-wide\" style=\"line-height:1.5\">Da klopft einer immer wieder bei uns an, aber wir machen einfach nicht auf. Wir haben keine Zeit, haben viel zu tun, sind besch\u00e4ftigt. Da ist kein Freiraum f\u00fcr jemanden, der unverhofft vor der T\u00fcr steht, der uns vielleicht etwas fremd geworden ist oder eine Sprache spricht, die wir nicht ohne weiteres verstehen. KEIN ZUTRITT!  <\/p>\n\n\n\n<p class=\"tw-text-wide\" style=\"line-height:1.5\">Wir sind es gewohnt, alles zu kaufen, wenn wir es brauchen. Angefangen mit der Nachhilfe f\u00fcr die Kinder, \u00fcber das Wohlwollen und die F\u00fcrsprache anderer, die Pflege der Eltern, wenn sie nicht mehr selbst\u00e4ndig in ihren Wohnungen leben k\u00f6nnen, zur Not auch eine neue Leber, eine Niere, eine Herz, wenn wir selbst nicht mehr richtig funktionieren. Nur selten wird uns bewusst, dass manche Dinge doch nicht oder nur schwer zu kaufen sind.  <\/p>\n\n\n\n<p class=\"tw-text-wide\" style=\"line-height:1.5\">T\u00fcren, die f\u00fcr uns verschlossen sind und T\u00fcren, die wir selbst vor anderen schlie\u00dfen werden das Thema der Passionszeit in der Paul-Gerhardt-Kirche bei verschiedenen Veranstaltungen sein. Eckhart Gillen wird bei der Er\u00f6ff-nung sprechen, von Felix Droese werden wir bei einem K\u00fcnstlergespr\u00e4ch mehr \u00fcber seine Sicht- und Arbeitsweise erfahren. Verschiedene Gottes-dienste werden zu diesem Thema gehalten. Nicht zuletzt wird ein Konzert mit dem European Bachensemble unter der Leitung von Kim Nguyen zu erleben sein.<\/p>\n\n\n\n<p class=\"tw-text-wide\" style=\"line-height:1.5\"><em>Markus Rheinfurth<\/em><\/p>\n\n\n\n<div class=\"wp-block-group alignfull\"><div class=\"wp-block-group__inner-container is-layout-flow wp-block-group-is-layout-flow\">\n<p class=\"tw-text-wide\" style=\"line-height:1.5\"><strong>Veranstaltungen<\/strong><\/p>\n\n\n\n<p class=\"tw-text-wide\" style=\"line-height:1.5\">15. Februar 2013, 19:00<br><strong>Verh\u00fcllung des Altarbildes<\/strong><br>mit Felix Droese<br>Liturgin: Pfn. Uta Fey<br>Gastredner: Eckhart Gillen<br>Musik: Kantor Oliver Vogt<\/p>\n\n\n\n<p class=\"tw-text-wide\" style=\"line-height:1.5\">8. M\u00e4rz 2013, 19:00<br><strong>Gespr\u00e4ch mit Felix Droese<\/strong><br>Einf\u00fchrung: Gabriele Muschter<\/p>\n\n\n\n<p class=\"tw-text-wide\" style=\"line-height:1.5\">17. M\u00e4rz 2013, 15:00<br><strong>Konzert <\/strong><br>\u00bbAn den Wassern zu Babel sa\u00dfen wir und weinten\u00ab<br>European Bachensemble<br>Leitung: Kim Nguyen<\/p>\n\n\n\n<p class=\"tw-text-wide\" style=\"line-height:1.5\">31. M\u00e4rz 2013, 9:30<br><strong>Enth\u00fcllung<\/strong><br>Gottesdienst am Ostersonntag<br>Liturgin: Pfn. Uta Fey<br>Liturgischer Chor, Leitung und Orgel: Kantor Oliver Vogt<\/p>\n\n\n\n<p class=\"tw-text-wide\" style=\"line-height:1.5\">Zur Altarverh\u00fcllung erschien ein Katalog. Dieser&nbsp;kann <a href=\"https:\/\/www.ebay.de\/sch\/mrhein128\/m.html?_nkw=&amp;_armrs=1&amp;_ipg=&amp;_from=\" target=\"_blank\" rel=\"noopener\">hier<\/a> erworben werden.<\/p>\n\n\n\n<p class=\"tw-text-wide\" style=\"line-height:1.5\"><a href=\"https:\/\/www.magnetberg.de\/passion\/wp-content\/uploads\/2013\/12\/passionsfaltblatt.pdf\" target=\"_blank\" rel=\"noopener\">Flyer<\/a>&nbsp;Text <a href=\"https:\/\/www.magnetberg.de\/passion\/wp-content\/uploads\/2016\/02\/Text-Jan-Faktor.pdf\" target=\"_blank\" rel=\"noopener\">Jan Faktor<\/a>, Presse: <a href=\"https:\/\/www.magnetberg.de\/passion\/wp-content\/uploads\/2016\/02\/BZ_2013_02_06.pdf\" target=\"_blank\" rel=\"noopener\">Berliner Zeitung<\/a><\/p>\n<\/div><\/div>\n\n\n\n<p class=\"tw-text-wide has-h-5-font-size\" style=\"line-height:1.5\"><\/p>\n<\/div><\/div>\n","protected":false},"excerpt":{"rendered":"<p>15. Februar \u2013 31. M\u00e4rz 2013<\/p>\n","protected":false},"author":1,"featured_media":0,"parent":0,"menu_order":0,"comment_status":"closed","ping_status":"closed","template":"tw-no-title.php","meta":{"jetpack_post_was_ever_published":false,"footnotes":""},"class_list":["post-10","page","type-page","status-publish","hentry"],"aioseo_notices":[],"jetpack_sharing_enabled":true,"jetpack_shortlink":"https:\/\/wp.me\/P4bQhP-a","_links":{"self":[{"href":"https:\/\/www.magnetberg.de\/passion\/wp-json\/wp\/v2\/pages\/10","targetHints":{"allow":["GET"]}}],"collection":[{"href":"https:\/\/www.magnetberg.de\/passion\/wp-json\/wp\/v2\/pages"}],"about":[{"href":"https:\/\/www.magnetberg.de\/passion\/wp-json\/wp\/v2\/types\/page"}],"author":[{"embeddable":true,"href":"https:\/\/www.magnetberg.de\/passion\/wp-json\/wp\/v2\/users\/1"}],"replies":[{"embeddable":true,"href":"https:\/\/www.magnetberg.de\/passion\/wp-json\/wp\/v2\/comments?post=10"}],"version-history":[{"count":45,"href":"https:\/\/www.magnetberg.de\/passion\/wp-json\/wp\/v2\/pages\/10\/revisions"}],"predecessor-version":[{"id":2526,"href":"https:\/\/www.magnetberg.de\/passion\/wp-json\/wp\/v2\/pages\/10\/revisions\/2526"}],"wp:attachment":[{"href":"https:\/\/www.magnetberg.de\/passion\/wp-json\/wp\/v2\/media?parent=10"}],"curies":[{"name":"wp","href":"https:\/\/api.w.org\/{rel}","templated":true}]}}