{"id":998,"date":"2022-08-12T08:54:01","date_gmt":"2022-08-12T06:54:01","guid":{"rendered":"https:\/\/www.magnetberg.de\/bau\/?page_id=998"},"modified":"2022-08-12T09:35:10","modified_gmt":"2022-08-12T07:35:10","slug":"klangfarbe","status":"publish","type":"page","link":"https:\/\/www.magnetberg.de\/bau\/klangfarbe\/","title":{"rendered":"KlangFarbe"},"content":{"rendered":"<div id=\"metaslider-id-983\" style=\"max-width: 1200px;\" class=\"ml-slider-3-107-0 metaslider metaslider-nivo metaslider-983 ml-slider has-dots-nav ms-theme-default\" role=\"region\" aria-label=\"Momentaufnahme eines Klanges, 2022\" data-height=\"800\" data-width=\"1200\">\n    <div id=\"metaslider_container_983\">\n        <div class='slider-wrapper theme-default'><div class='ribbon'><\/div><div id='metaslider_983' class='nivoSlider'><img loading=\"lazy\" decoding=\"async\" src=\"https:\/\/www.magnetberg.de\/bau\/wp-content\/uploads\/2022\/08\/Unbenannt-1-1200x800.jpg\" height=\"800\" width=\"1200\" title=\"Momentaufnahme eines Klanges, 2022\" alt=\"\" class=\"slider-983 slide-985 msDefaultImage\" \/><img loading=\"lazy\" decoding=\"async\" src=\"https:\/\/www.magnetberg.de\/bau\/wp-content\/uploads\/2022\/08\/Wand-1a-1200x800.jpg\" height=\"800\" width=\"1200\" title=\"Momentaufnahme eines Klanges, 2022\" alt=\"\" class=\"slider-983 slide-986 msDefaultImage\" \/><img loading=\"lazy\" decoding=\"async\" src=\"https:\/\/www.magnetberg.de\/bau\/wp-content\/uploads\/2022\/08\/Detail-1200x800.jpg\" height=\"800\" width=\"1200\" title=\"Momentaufnahme eines Klanges, 2022\" alt=\"\" class=\"slider-983 slide-1001 msDefaultImage\" \/><img loading=\"lazy\" decoding=\"async\" src=\"https:\/\/www.magnetberg.de\/bau\/wp-content\/uploads\/2022\/08\/Wand-2-1200x800.jpg\" height=\"800\" width=\"1200\" title=\"Momentaufnahme eines Klanges, 2022\" alt=\"\" class=\"slider-983 slide-988 msDefaultImage\" \/><img loading=\"lazy\" decoding=\"async\" src=\"https:\/\/www.magnetberg.de\/bau\/wp-content\/uploads\/2022\/08\/Fluegel-Detail-1200x800.jpg\" height=\"800\" width=\"1200\" title=\"Momentaufnahme eines Klanges, 2022\" alt=\"\" class=\"slider-983 slide-997 msDefaultImage\" \/><img loading=\"lazy\" decoding=\"async\" src=\"https:\/\/www.magnetberg.de\/bau\/wp-content\/uploads\/2022\/08\/Wand-2a-1200x800.jpg\" height=\"800\" width=\"1200\" title=\"Momentaufnahme eines Klanges, 2022\" alt=\"\" class=\"slider-983 slide-990 msDefaultImage\" \/><\/div><\/div>\n        \n    <\/div>\n<\/div>\n\n\n\n<p class=\"has-h-3-font-size\"><strong>KlangFarbe<\/strong><\/p>\n\n\n\n<p>Entwurf f\u00fcr eine k\u00fcnstlerische Gestaltung im Foyer der 48. Grundschule Conrad-Blenkle-Stra\u00dfe in Berlin<\/p>\n\n\n\n<p>Vorgeschlagen werden zwei unterschiedliche abstrakte Kompositionen mit teilweise reliefartigem Charakter. Titel der linken Wand ist \u201e<strong>Momentaufnahme eines Klanges<\/strong>\u201c&nbsp;und der rechten \u201e<strong>Wei\u00dfes Rauschen<\/strong>\u201c.&nbsp;Es handelt sich dabei um Kunstwerke, die sich des innovativen Gestaltungsmittels&nbsp;des Samplings bedienen. Sampling&nbsp;ist eine Methode der zeitgen\u00f6ssischen Musik. Sie meint das Zusammenf\u00fcgen eines Teils einer bereits fertigen Ton- bzw. Musikaufnahme&nbsp;in&nbsp;einem&nbsp;neuen Kontext.&nbsp;<\/p>\n\n\n\n<p>Analog dazu sollen vorgefertigte farbige Elemente auf ein Raster montiert werden. Die zwei Bildcollagen vereinen Fl\u00e4chen und Elemente aus unterschiedlichen Materialien und Oberfl\u00e4chenhaptiken. Sogar gedrechselte Holzelemente und ein schwach leuchtender Objektkasten werden integriert.&nbsp;&nbsp;Subtil humorvolle Zitate nehmen Bezug auf Gestaltungselemente der Informationsw\u00e4nde; wie die Rasterstruktur, die Uhr, und den Schaukasten.&nbsp;Sie binden die zwei Kunstwerke in die Gesamtgestaltung des Foyers ein.&nbsp;Den Kindern der Schule wird das Wahrnehmen der Kunstwerke auch durch Ber\u00fchren der Oberfl\u00e4chen erm\u00f6glicht.&nbsp;<\/p>\n\n\n\n<p>Technik: verschiedene Materielien, Leuchtkasten<\/p>\n\n\n\n<p>Gr\u00f6\u00dfe: 370 x 485 cm, 370 x 300 cm<\/p>\n\n\n\n<p>Entwurf Klaus Killisch f\u00fcr eingeladenem Wettbewerb: 2022<\/p>\n","protected":false},"excerpt":{"rendered":"<p>KlangFarbe Entwurf f\u00fcr eine k\u00fcnstlerische Gestaltung im Foyer der 48. Grundschule Conrad-Blenkle-Stra\u00dfe in Berlin Vorgeschlagen werden zwei unterschiedliche abstrakte Kompositionen mit teilweise reliefartigem Charakter. Titel der linken Wand ist \u201eMomentaufnahme eines Klanges\u201c&nbsp;und der rechten \u201eWei\u00dfes Rauschen\u201c.&nbsp;Es handelt sich dabei um Kunstwerke, die sich des innovativen Gestaltungsmittels&nbsp;des Samplings bedienen. Sampling&nbsp;ist eine Methode der zeitgen\u00f6ssischen Musik. Sie&hellip;<\/p>\n","protected":false},"author":1,"featured_media":0,"parent":0,"menu_order":0,"comment_status":"closed","ping_status":"closed","template":"tw-no-title.php","meta":{"footnotes":""},"class_list":["post-998","page","type-page","status-publish","hentry"],"aioseo_notices":[],"_links":{"self":[{"href":"https:\/\/www.magnetberg.de\/bau\/wp-json\/wp\/v2\/pages\/998","targetHints":{"allow":["GET"]}}],"collection":[{"href":"https:\/\/www.magnetberg.de\/bau\/wp-json\/wp\/v2\/pages"}],"about":[{"href":"https:\/\/www.magnetberg.de\/bau\/wp-json\/wp\/v2\/types\/page"}],"author":[{"embeddable":true,"href":"https:\/\/www.magnetberg.de\/bau\/wp-json\/wp\/v2\/users\/1"}],"replies":[{"embeddable":true,"href":"https:\/\/www.magnetberg.de\/bau\/wp-json\/wp\/v2\/comments?post=998"}],"version-history":[{"count":8,"href":"https:\/\/www.magnetberg.de\/bau\/wp-json\/wp\/v2\/pages\/998\/revisions"}],"predecessor-version":[{"id":1015,"href":"https:\/\/www.magnetberg.de\/bau\/wp-json\/wp\/v2\/pages\/998\/revisions\/1015"}],"wp:attachment":[{"href":"https:\/\/www.magnetberg.de\/bau\/wp-json\/wp\/v2\/media?parent=998"}],"curies":[{"name":"wp","href":"https:\/\/api.w.org\/{rel}","templated":true}]}}