{"id":399,"date":"2020-04-12T10:47:48","date_gmt":"2020-04-12T08:47:48","guid":{"rendered":"http:\/\/www.magnetberg.de\/bau\/?page_id=399"},"modified":"2021-12-03T14:16:57","modified_gmt":"2021-12-03T13:16:57","slug":"this-is-not-a-love-song","status":"publish","type":"page","link":"https:\/\/www.magnetberg.de\/bau\/this-is-not-a-love-song\/","title":{"rendered":"this is not a love song"},"content":{"rendered":"\n<div id=\"metaslider-id-386\" style=\"max-width: 1200px;\" class=\"ml-slider-3-107-0 metaslider metaslider-nivo metaslider-386 ml-slider has-dots-nav ms-theme-default\" role=\"region\" aria-label=\"this is not a love song\" data-height=\"800\" data-width=\"1200\">\n    <div id=\"metaslider_container_386\">\n        <div class='slider-wrapper theme-default'><div class='ribbon'><\/div><div id='metaslider_386' class='nivoSlider'><img loading=\"lazy\" decoding=\"async\" src=\"https:\/\/www.magnetberg.de\/bau\/wp-content\/uploads\/2020\/04\/B061998-1200x800.jpg\" height=\"800\" width=\"1200\" title=\"Klaus Killisch, this is not a love song, 2015\" alt=\"\" class=\"slider-386 slide-388 msDefaultImage\" \/><img loading=\"lazy\" decoding=\"async\" src=\"https:\/\/www.magnetberg.de\/bau\/wp-content\/uploads\/2025\/01\/B051948-1200x800.jpg\" height=\"800\" width=\"1200\" title=\"Klaus Killisch, this is not a love song, 2015\" alt=\"\" class=\"slider-386 slide-1651 msDefaultImage\" \/><img loading=\"lazy\" decoding=\"async\" src=\"https:\/\/www.magnetberg.de\/bau\/wp-content\/uploads\/2020\/04\/B051953-1200x800.jpg\" height=\"800\" width=\"1200\" title=\"Klaus Killisch, this is not a love song, 2015\" alt=\"\" class=\"slider-386 slide-387 msDefaultImage\" \/><img loading=\"lazy\" decoding=\"async\" src=\"https:\/\/www.magnetberg.de\/bau\/wp-content\/uploads\/2025\/01\/IMG_0369-1200x800.jpg\" height=\"800\" width=\"1200\" title=\"Klaus Killisch, this is not a love song, 2015\" alt=\"\" class=\"slider-386 slide-1653 msDefaultImage\" \/><img loading=\"lazy\" decoding=\"async\" src=\"https:\/\/www.magnetberg.de\/bau\/wp-content\/uploads\/2020\/04\/B062002-1200x800.jpg\" height=\"800\" width=\"1200\" title=\"Klaus Killisch, This is not a Love Song, 2015\" alt=\"\" class=\"slider-386 slide-398 msDefaultImage\" \/><img loading=\"lazy\" decoding=\"async\" src=\"https:\/\/www.magnetberg.de\/bau\/wp-content\/uploads\/2025\/01\/B051945-1200x800.jpg\" height=\"800\" width=\"1200\" title=\"Klaus Killisch, this is not a love song, 2015\" alt=\"\" class=\"slider-386 slide-390 msDefaultImage\" \/><\/div><\/div>\n        \n    <\/div>\n<\/div>\n\n\n\n<p class=\"has-h-3-font-size\"><strong>this is not a love song<\/strong><\/p>\n\n\n\n<p>Idee und Ausf\u00fchrung: Klaus Killisch<\/p>\n\n\n\n<p>Technik: Bilddruck auf Vliestapete<\/p>\n\n\n\n<p>Gr\u00f6\u00dfe: 300 x 600 cm<\/p>\n\n\n\n<p>Zeitraum: tempor\u00e4r, November 2015 &#8211; Januar 2016<\/p>\n\n\n\n<p>Standort: Galerie Jochen Hempel, Berlin<\/p>\n","protected":false},"excerpt":{"rendered":"<p>this is not a love song Idee und Ausf\u00fchrung: Klaus Killisch Technik: Bilddruck auf Vliestapete Gr\u00f6\u00dfe: 300 x 600 cm Zeitraum: tempor\u00e4r, November 2015 &#8211; Januar 2016 Standort: Galerie Jochen Hempel, Berlin<\/p>\n","protected":false},"author":1,"featured_media":0,"parent":0,"menu_order":0,"comment_status":"closed","ping_status":"closed","template":"tw-no-title.php","meta":{"footnotes":""},"class_list":["post-399","page","type-page","status-publish","hentry"],"aioseo_notices":[],"_links":{"self":[{"href":"https:\/\/www.magnetberg.de\/bau\/wp-json\/wp\/v2\/pages\/399","targetHints":{"allow":["GET"]}}],"collection":[{"href":"https:\/\/www.magnetberg.de\/bau\/wp-json\/wp\/v2\/pages"}],"about":[{"href":"https:\/\/www.magnetberg.de\/bau\/wp-json\/wp\/v2\/types\/page"}],"author":[{"embeddable":true,"href":"https:\/\/www.magnetberg.de\/bau\/wp-json\/wp\/v2\/users\/1"}],"replies":[{"embeddable":true,"href":"https:\/\/www.magnetberg.de\/bau\/wp-json\/wp\/v2\/comments?post=399"}],"version-history":[{"count":3,"href":"https:\/\/www.magnetberg.de\/bau\/wp-json\/wp\/v2\/pages\/399\/revisions"}],"predecessor-version":[{"id":852,"href":"https:\/\/www.magnetberg.de\/bau\/wp-json\/wp\/v2\/pages\/399\/revisions\/852"}],"wp:attachment":[{"href":"https:\/\/www.magnetberg.de\/bau\/wp-json\/wp\/v2\/media?parent=399"}],"curies":[{"name":"wp","href":"https:\/\/api.w.org\/{rel}","templated":true}]}}