{"id":1450,"date":"2024-12-19T15:01:35","date_gmt":"2024-12-19T14:01:35","guid":{"rendered":"https:\/\/www.magnetberg.de\/bau\/?page_id=1450"},"modified":"2024-12-19T15:23:43","modified_gmt":"2024-12-19T14:23:43","slug":"transit","status":"publish","type":"page","link":"https:\/\/www.magnetberg.de\/bau\/transit\/","title":{"rendered":"TRANSIT"},"content":{"rendered":"\n<div id=\"metaslider-id-1451\" style=\"max-width: 1200px;\" class=\"ml-slider-3-108-0 metaslider metaslider-nivo metaslider-1451 ml-slider has-dots-nav ms-theme-default\" role=\"region\" aria-label=\"TRANSIT\" data-height=\"800\" data-width=\"1200\">\n    <div id=\"metaslider_container_1451\">\n        <div class='slider-wrapper theme-default'><div class='ribbon'><\/div><div id='metaslider_1451' class='nivoSlider'><img loading=\"lazy\" decoding=\"async\" src=\"https:\/\/www.magnetberg.de\/bau\/wp-content\/uploads\/2024\/12\/transit2-1200x800.jpg\" height=\"800\" width=\"1200\" title=\"TRANSIT, 2021\" alt=\"\" class=\"slider-1451 slide-1452 msDefaultImage\" \/><img loading=\"lazy\" decoding=\"async\" src=\"https:\/\/www.magnetberg.de\/bau\/wp-content\/uploads\/2024\/12\/transit4-1200x800.jpg\" height=\"800\" width=\"1200\" title=\"TRANSIT, 2021\" alt=\"\" class=\"slider-1451 slide-1454 msDefaultImage\" \/><img loading=\"lazy\" decoding=\"async\" src=\"https:\/\/www.magnetberg.de\/bau\/wp-content\/uploads\/2024\/12\/transit3-1200x800.jpg\" height=\"800\" width=\"1200\" title=\"TRANSIT, 2021\" alt=\"\" class=\"slider-1451 slide-1462 msDefaultImage\" \/><\/div><\/div>\n        \n    <\/div>\n<\/div>\n\n\n\n<p class=\"has-h-3-font-size\"><strong>TRANSIT<\/strong><\/p>\n\n\n\n<p>Kunst am Steg. Entwurf f\u00fcr eine tempor\u00e4re Gestaltung. <\/p>\n\n\n\n<p>Der Martin-Mayer-Steg f\u00fchrt die Fu\u00dfg\u00e4nger vom Westabgang der Gleise am Bahnhof Bad Cannstatt \u00fcber die Eisenbahnstra\u00dfe, durch das Parkhaus Wilhelmsplatz, \u00fcberbr\u00fcckt die K\u00f6nig-Karl-Stra\u00dfe, erm\u00f6glicht zugleich den Zugang zu den Stadtbahngleisen und geht schlie\u00dflich \u00fcber in die K\u00f6nig-Karl-Passage. Der massive Betonsteg aus den 1980er Jahren ist funktional und gestalterisch ein \u201eKind seiner Zeit\u201c. Er trennt die Verkehre, soll Fu\u00dfg\u00e4ngern einen sicheren und z\u00fcgigen Gang zwischen den S-Bahn- und Stadtbahnlinien sowie dem Autoverkehr ungest\u00f6rtes Flie\u00dfen erm\u00f6glichen.<\/p>\n\n\n\n<p>Idee und Entwurf: DAS KOLLEKTIV, 2021<\/p>\n\n\n\n<p>Technik: Asphaltfarbe, Schablonentechnik<\/p>\n\n\n\n<p>Standort: Martin-Mayer-Stegs, Stuttgart-Bad Cannstatt<br><br><\/p>\n\n\n\n<p><\/p>\n","protected":false},"excerpt":{"rendered":"<p>TRANSIT Kunst am Steg. Entwurf f\u00fcr eine tempor\u00e4re Gestaltung. Der Martin-Mayer-Steg f\u00fchrt die Fu\u00dfg\u00e4nger vom Westabgang der Gleise am Bahnhof Bad Cannstatt \u00fcber die Eisenbahnstra\u00dfe, durch das Parkhaus Wilhelmsplatz, \u00fcberbr\u00fcckt die K\u00f6nig-Karl-Stra\u00dfe, erm\u00f6glicht zugleich den Zugang zu den Stadtbahngleisen und geht schlie\u00dflich \u00fcber in die K\u00f6nig-Karl-Passage. Der massive Betonsteg aus den 1980er Jahren ist funktional&hellip;<\/p>\n","protected":false},"author":1,"featured_media":0,"parent":0,"menu_order":0,"comment_status":"closed","ping_status":"closed","template":"tw-no-title.php","meta":{"footnotes":""},"class_list":["post-1450","page","type-page","status-publish","hentry"],"aioseo_notices":[],"_links":{"self":[{"href":"https:\/\/www.magnetberg.de\/bau\/wp-json\/wp\/v2\/pages\/1450","targetHints":{"allow":["GET"]}}],"collection":[{"href":"https:\/\/www.magnetberg.de\/bau\/wp-json\/wp\/v2\/pages"}],"about":[{"href":"https:\/\/www.magnetberg.de\/bau\/wp-json\/wp\/v2\/types\/page"}],"author":[{"embeddable":true,"href":"https:\/\/www.magnetberg.de\/bau\/wp-json\/wp\/v2\/users\/1"}],"replies":[{"embeddable":true,"href":"https:\/\/www.magnetberg.de\/bau\/wp-json\/wp\/v2\/comments?post=1450"}],"version-history":[{"count":2,"href":"https:\/\/www.magnetberg.de\/bau\/wp-json\/wp\/v2\/pages\/1450\/revisions"}],"predecessor-version":[{"id":1472,"href":"https:\/\/www.magnetberg.de\/bau\/wp-json\/wp\/v2\/pages\/1450\/revisions\/1472"}],"wp:attachment":[{"href":"https:\/\/www.magnetberg.de\/bau\/wp-json\/wp\/v2\/media?parent=1450"}],"curies":[{"name":"wp","href":"https:\/\/api.w.org\/{rel}","templated":true}]}}