{"id":1436,"date":"2024-12-19T14:32:00","date_gmt":"2024-12-19T13:32:00","guid":{"rendered":"https:\/\/www.magnetberg.de\/bau\/?page_id=1436"},"modified":"2024-12-19T15:23:03","modified_gmt":"2024-12-19T14:23:03","slug":"namen","status":"publish","type":"page","link":"https:\/\/www.magnetberg.de\/bau\/namen\/","title":{"rendered":"Namen"},"content":{"rendered":"\n<div id=\"metaslider-id-1438\" style=\"max-width: 1200px;\" class=\"ml-slider-3-107-0 metaslider metaslider-nivo metaslider-1438 ml-slider has-dots-nav ms-theme-default\" role=\"region\" aria-label=\"Namen\" data-height=\"800\" data-width=\"1200\">\n    <div id=\"metaslider_container_1438\">\n        <div class='slider-wrapper theme-default'><div class='ribbon'><\/div><div id='metaslider_1438' class='nivoSlider'><img loading=\"lazy\" decoding=\"async\" src=\"https:\/\/www.magnetberg.de\/bau\/wp-content\/uploads\/2024\/12\/namen2-1200x800.jpg\" height=\"800\" width=\"1200\" title=\"Namen, 2021\" alt=\"\" class=\"slider-1438 slide-1439 msDefaultImage\" \/><img loading=\"lazy\" decoding=\"async\" src=\"https:\/\/www.magnetberg.de\/bau\/wp-content\/uploads\/2024\/12\/namen1-1200x800.jpg\" height=\"800\" width=\"1200\" title=\"Namen, 2021\" alt=\"\" class=\"slider-1438 slide-1441 msDefaultImage\" \/><\/div><\/div>\n        \n    <\/div>\n<\/div>\n\n\n\n<p class=\"has-h-3-font-size\"><strong>Namen<\/strong><\/p>\n\n\n\n<p>Immer schon hat es von den pr\u00e4historischen Schriftzeichen bis zu den digitalen Experimenten der Gegenwart Text im Bild bzw. Text als Bild gegeben. Zahlreiche K\u00fcnstler des 20. Jahrhunderts verwendeten Schrift und Geste als bildnerische Mittel. Sprache und Schrift formen die Wahrnehmung der Welt jedes Individuums und pr\u00e4gen gleichzeitig seine Autonomie und Kollektivit\u00e4t darin.<\/p>\n\n\n\n<p>In die Oberfl\u00e4che der Fassadenteile am neuen Verwaltungsgeb\u00e4ude soll eine skripturale Zeichnung eingebracht werden. Die leicht changierende Farbgestaltung der 11 Fassadenteile in den Rott\u00f6nen der umgebenden Geb\u00e4ude wird in die Gestaltung einbezogen. Die Komposition aus der vorgesehenen Farbgestaltung und der relativ zarten Linienzeichnung wird zu einer skripturalen poetischen Malerei zusammengef\u00fchrt.<\/p>\n\n\n\n<p>Die eingebrachte Linienzeichnung soll ein handschriftliches, skizzenhaftes Dokument der Namen der Stimmbev\u00f6lkerung darstellen. Die Familiennamen derjenigen f\u00fcr die dieses Geb\u00e4ude errichtet wurde und zu deren Nutzen und Identifikation mit \u201eihrer\u201c Stadt es beitr\u00e4gt.&nbsp;<\/p>\n\n\n\n<p>Da es sich dabei lediglich um einen kurzzeitig g\u00fcltigen Ausschnitt aus der B\u00fcrgerschaft von Schaffhausen handelt, korrespondiert mit der fl\u00fcchtigen und mit leichter Hand hingekritzelte Anmutung der Fassadengestaltung, die nicht zuletzt durch die Wahl der Materialien ein besonderes Beispiel zeitgen\u00f6ssischer Architektur ist.<\/p>\n\n\n\n<p>Idee und Entwurf: DAS KOLLEKTIV, 2021<\/p>\n\n\n\n<p>Technik: Matritzenschalung \/ Einritzungen mittels Schablonen<\/p>\n\n\n\n<p>Standort: Fassade Stadthausgeviert, Schaffhausen<br><br><\/p>\n\n\n\n<p><\/p>\n","protected":false},"excerpt":{"rendered":"<p>Namen Immer schon hat es von den pr\u00e4historischen Schriftzeichen bis zu den digitalen Experimenten der Gegenwart Text im Bild bzw. Text als Bild gegeben. Zahlreiche K\u00fcnstler des 20. Jahrhunderts verwendeten Schrift und Geste als bildnerische Mittel. Sprache und Schrift formen die Wahrnehmung der Welt jedes Individuums und pr\u00e4gen gleichzeitig seine Autonomie und Kollektivit\u00e4t darin. In&hellip;<\/p>\n","protected":false},"author":1,"featured_media":0,"parent":0,"menu_order":0,"comment_status":"closed","ping_status":"closed","template":"tw-no-title.php","meta":{"footnotes":""},"class_list":["post-1436","page","type-page","status-publish","hentry"],"aioseo_notices":[],"_links":{"self":[{"href":"https:\/\/www.magnetberg.de\/bau\/wp-json\/wp\/v2\/pages\/1436","targetHints":{"allow":["GET"]}}],"collection":[{"href":"https:\/\/www.magnetberg.de\/bau\/wp-json\/wp\/v2\/pages"}],"about":[{"href":"https:\/\/www.magnetberg.de\/bau\/wp-json\/wp\/v2\/types\/page"}],"author":[{"embeddable":true,"href":"https:\/\/www.magnetberg.de\/bau\/wp-json\/wp\/v2\/users\/1"}],"replies":[{"embeddable":true,"href":"https:\/\/www.magnetberg.de\/bau\/wp-json\/wp\/v2\/comments?post=1436"}],"version-history":[{"count":3,"href":"https:\/\/www.magnetberg.de\/bau\/wp-json\/wp\/v2\/pages\/1436\/revisions"}],"predecessor-version":[{"id":1471,"href":"https:\/\/www.magnetberg.de\/bau\/wp-json\/wp\/v2\/pages\/1436\/revisions\/1471"}],"wp:attachment":[{"href":"https:\/\/www.magnetberg.de\/bau\/wp-json\/wp\/v2\/media?parent=1436"}],"curies":[{"name":"wp","href":"https:\/\/api.w.org\/{rel}","templated":true}]}}